{"id":1309,"date":"2012-01-10T17:21:30","date_gmt":"2012-01-10T17:21:30","guid":{"rendered":"http:\/\/www.geotesc.com.br\/site\/?page_id=1309"},"modified":"2016-12-12T17:56:54","modified_gmt":"2016-12-12T17:56:54","slug":"conheca-a-geotesc","status":"publish","type":"page","link":"https:\/\/www.geotesc.com.br\/site\/conheca-a-geotesc\/","title":{"rendered":"Conhe\u00e7a a Geotesc"},"content":{"rendered":"<div class=\"one_half\">\n<p style=\"text-align: justify;\">Comprometida com a qualidade, efici\u00eancia e a responsabilidade social, a Geotesc preza tamb\u00e9m pelos valores \u00e9ticos profissionais no relacionamento com seus clientes, fornecedores e colaboradores.<\/p>\n<p style=\"text-align: justify;\">Desde a sua funda\u00e7\u00e3o em 2004 j\u00e1 realizou mais de oito mil obras em todo o pa\u00eds, de forma que \u00e9 reconhecida pela tecnologia de ponta, efici\u00eancia e pronto-atendimento, qualidades estas que conquistaram grandes parceiros.<\/p>\n<p style=\"text-align: justify;\">Atualmente, com sua sede localizada na cidade de Cambori\u00fa\/SC a empresa conta com aproximadamente 250 colaboradores englobando o setor operacional, t\u00e9cnico e administrativo, al\u00e9m de um potencial em infra-estrutura com mais de 200 equipamentos dentre caminh\u00f5es, m\u00e1quinas e ve\u00edculos de apoio, todos estes espalhados pelas diversas obras em que a empresa est\u00e1 atuando pelo pa\u00eds.<\/p>\n<p style=\"text-align: justify;\"><a class=\"big-btn glass-btn stroke-btn\" href=\"http:\/\/www.geotesc.com.br\/site\/clientes\/\"><span style=\"font-size: 16px!important;\">Clique aqui para ver nossa lista de clientes<\/span><\/a><\/p>\n<\/div>\n<div class=\"one_half last\">\n<div class=\"doubleborder\" style=\"margin-left: 8px;\"><iframe style=\"border: 5px solid white;\" src=\"http:\/\/www.youtube.com\/embed\/GVOUTpypmB4\" width=\"400\" height=\"285\" frameborder=\"0\"><\/iframe><\/div>\n<\/div>\n<br class=\"clear\" \/>\n<div class=\"doubleborder\" style=\"margin-left: 8px;\"><img loading=\"lazy\" class=\"aligncenter size-full wp-image-1476\" style=\"border: 5px solid white;\" title=\"Geotesc\" src=\"http:\/\/www.geotesc.com.br\/site\/wp-content\/uploads\/2012\/01\/Geotesc.jpg\" alt=\"\" width=\"858\" height=\"124\" srcset=\"https:\/\/www.geotesc.com.br\/site\/wp-content\/uploads\/2012\/01\/Geotesc.jpg 858w, https:\/\/www.geotesc.com.br\/site\/wp-content\/uploads\/2012\/01\/Geotesc-300x43.jpg 300w, https:\/\/www.geotesc.com.br\/site\/wp-content\/uploads\/2012\/01\/Geotesc-150x22.jpg 150w, https:\/\/www.geotesc.com.br\/site\/wp-content\/uploads\/2012\/01\/Geotesc-768x111.jpg 768w\" sizes=\"(max-width: 858px) 100vw, 858px\" \/><\/div>\n","protected":false},"excerpt":{"rendered":"","protected":false},"author":1,"featured_media":0,"parent":0,"menu_order":0,"comment_status":"open","ping_status":"open","template":"","meta":[],"_links":{"self":[{"href":"https:\/\/www.geotesc.com.br\/site\/wp-json\/wp\/v2\/pages\/1309"}],"collection":[{"href":"https:\/\/www.geotesc.com.br\/site\/wp-json\/wp\/v2\/pages"}],"about":[{"href":"https:\/\/www.geotesc.com.br\/site\/wp-json\/wp\/v2\/types\/page"}],"author":[{"embeddable":true,"href":"https:\/\/www.geotesc.com.br\/site\/wp-json\/wp\/v2\/users\/1"}],"replies":[{"embeddable":true,"href":"https:\/\/www.geotesc.com.br\/site\/wp-json\/wp\/v2\/comments?post=1309"}],"version-history":[{"count":58,"href":"https:\/\/www.geotesc.com.br\/site\/wp-json\/wp\/v2\/pages\/1309\/revisions"}],"predecessor-version":[{"id":4764,"href":"https:\/\/www.geotesc.com.br\/site\/wp-json\/wp\/v2\/pages\/1309\/revisions\/4764"}],"wp:attachment":[{"href":"https:\/\/www.geotesc.com.br\/site\/wp-json\/wp\/v2\/media?parent=1309"}],"curies":[{"name":"wp","href":"https:\/\/api.w.org\/{rel}","templated":true}]}}